0 = 5*g - 2*g + m - 14. Suppose u - 13 = -g*x, -5*u + 4*x = -5 - 3. What are the prime factors of u?
2
Suppose -5*o = -20, -8 + 0 = -3*g - 2*o. Suppose g = -3*s - 0*s + 9. What are the prime factors of s?
3
Suppose -5*d - 2 = -4*a + 5, 3*a = 5*d + 4. Let q be 9/(-2)*(-4)/9. Suppose 0 = -s - 3, -q*k - a*k + 5*s = -40. List the prime factors of k.
5
Let u = 41 + 99. What are the prime factors of u?
2, 5, 7
Suppose -9 = -4*y + y. Let l be ((-2)/(-4))/(y/12). Suppose -j = -l*j + 3. List the prime factors of j.
3
Let k(y) = -6*y - 1. Suppose -5*i - 6 - 4 = 2*o, -o - 2 = i. What are the prime factors of k(i)?
11
Let h(m) = 5*m**3 + m**2 - m. Let j be h(1). Suppose -j*s + 21 + 34 = 0. What are the prime factors of s?
11
Let d(y) = y**3 + y**2 + 4*y - 4. Let k be d(4). Suppose -7*a + k = -3*a. Suppose -7 = 4*m - a. List the prime factors of m.
2
Let n = 7 + 2. Let i = -6 + n. What are the prime factors of i?
3
Suppose 7*d - 5*d = 8. List the prime factors of d.
2
Suppose -5*y = 2*u - 87, 5*u + 20 = -0*u. List the prime factors of y - -2 - (-9)/(-3).
2, 3
Suppose 5*r + 2430 = 14*r. What are the prime factors of r?
2, 3, 5
Suppose f - 68 = -f. Let o = f + -21. List the prime factors of o.
13
Suppose -a - 2*a = 3*v, 3*v + 4*a = 0. Suppose v = b, 2*n + 3*b + 10 = 3*n. List the prime factors of n.
2, 5
Let h(u) = u. Let w be h(7). Let b(o) = -o**3 + 7*o**2 + 4. Let j be b(w). Suppose -p + 5*p = -n + 3, 10 = -5*p - j*n. List the prime factors of p.
2
Let b(q) = q**3 - 4*q**2 - 3*q + 4. Let d be b(4). Let k(u) = u**2 + 9*u + 10. Let c be k(d). What are the prime factors of 2 + c/4*2?
3
Let t(v) = -9*v**2 + 3*v - 13. Let d(p) = 5*p**2 - p + 7. Let n(b) = -11*d(b) - 6*t(b). List the prime factors of n(-5).
11
Let n = 10 + -8. Suppose 0 = 5*j - 23 - n. Suppose -3*q = -5*q - j*k - 14, 4*k = -2*q - 10. What are the prime factors of q?
3
Suppose 0 = 2*y - 69 - 17. What are the prime factors of y?
43
Let d = 104 - 60. List the prime factors of d.
2, 11
What are the prime factors of (0 - 3)*(10 - 45)?
3, 5, 7
Let b(k) = -k**2 + 16*k - 3. List the prime factors of b(12).
3, 5
Let g = -5 - 2. Let x(a) be the first derivative of -a**3/3 - 4*a**2 + a + 8. List the prime factors of x(g).
2
Let p = 9 + -6. List the prime factors of 154/6 + (-2)/p.
5
Let a(u) = u**3 + 6*u**2 + 5*u + 6. Let i be a(-5). Let y be (i/(-4))/(1/10). Let w = -11 - y. What are the prime factors of w?
2
Suppose -7*g = -30 - 12. List the prime factors of g.
2, 3
Let p = 4 - 6. List the prime factors of 13 - p/(2/(-1)).
2, 3
Suppose 4*f = -f + 45. Suppose -f + 26 = l. What are the prime factors of l?
17
Let k(v) = 24*v + 8. List the prime factors of k(6).
2, 19
Suppose 19 = -5*d - 1, -4*n - 4*d - 68 = 0. Let i = -11 - n. What are the prime factors of i?
2
Let c(o) = -o**2 - 2 + 0*o**2 + o - 7*o. List the prime factors of c(-5).
3
Let g = -1 - 0. Let t be 2 + g*(-2)/(-2). List the prime factors of t*(3 + -2)*11.
11
What are the prime factors of (2/(-4)*2)/(1/(-229))?
229
Let f = 6 + -2. Let i(w) = -4*w + 3 + 4*w - f - w. What are the prime factors of i(-3)?
2
Let w be 2/6 - (-4)/6. Let h = w - -1. List the prime factors of h.
2
Let v(c) = -c**3 + 2*c**2 + 4*c. Let j be v(3). Let o = 2 - 0. Suppose o*t - t = j. What are the prime factors of t?
3
Suppose -2389 + 341 = -8*z. List the prime factors of z.
2
Let d = 86 - 47. List the prime factors of d.
3, 13
Let w(v) = -7*v**2 - 4*v + 7. Let k(a) = -a + 1. Let y(m) = 6*k(m) - w(m). What are the prime factors of y(2)?
23
Let x be 1 + (-2)/(-1) - 1. Suppose 3*j + 3*p = -0*p + 15, p = 3*j - 15. Let h = x + j. What are the prime factors of h?
7
Suppose -4*w + 6 = -2*w. Suppose 3*t - 37 = -3*g + 2*g, 0 = w*t - 3*g - 33. List the prime factors of t.
2, 3
Let r = 41 + 32. List the prime factors of r.
73
Suppose 5*y + j - 37 = 0, -2*j - 6 = -y - 3. Suppose y = b - 1. List the prime factors of b.
2
Let a = -214 - -303. List the prime factors of a.
89
Suppose 0 = 2*b + 3*r - 25, 2*b = -3*b - 3*r + 58. Suppose -37 = -2*z + 3*g, -2*z + 6 + b = g. List the prime factors of z.
11
Let s(r) be the first derivative of r**4/4 - 8*r**3/3 + r**2 - r - 1. List the prime factors of s(8).
3, 5
Let n = -1 + 7. What are the prime factors of (0 - -2)*(2 + n)?
2
Let v(w) = -5*w**2 + 3*w**2 + w**2 - w. Let r(a) = -5*a**2 - 6*a + 4. Let h(o) = r(o) - 6*v(o). List the prime factors of h(0).
2
Let u be (-1)/1*(-20)/4. Suppose x + 2*x - u*h - 73 = 0, -3*x + h = -77. What are the prime factors of x?
2, 13
Let j(n) = n + 6. Let x be j(-5). Suppose 0 = -3*i + i - 10, -k = i + x. What are the prime factors of k?
2
Let l(a) = -a**2 + 12*a + 4. Let t be l(10). Let h = -13 + t. List the prime factors of h.
11
Let z(w) = -2*w**3 - 2*w**2 - 3*w**3 - 1 + 3*w**3. Suppose -3*p + 3*k - 3 = 0, -2*k + 4 = -3*p - 0*k. What are the prime factors of z(p)?
7
Let d(y) = 6*y**2 - 1 + 3*y**2 - 2*y + 7*y**2 + 3*y**2. List the prime factors of d(-1).
2, 5
Let h(s) = -s**2 - 11*s - 1. Suppose -3*y - 3 = -2*y + 4*u, 3*u = -2*y - 11. List the prime factors of h(y).
3
Let n = 188 + -93. List the prime factors of n.
5, 19
Let n(b) = b**2 - b + 1. Let d be n(3). Suppose -3*q = -3*k - 84, 2*k + 84 = 2*q + d*k. List the prime factors of q.
2
Let s(g) = g**3 + 2*g**2 - g. Let j be s(-6). Let n = j + 203. Suppose 3*v - n = -23. List the prime factors of v.
2, 7
Let j(h) = -h**2 - 5*h + 6. Let s be j(-8). What are the prime factors of (s/4)/(14/(-28))?
3
Suppose 25*k + 602 = 32*k. What are the prime factors of k?
2, 43
Suppose -118 = -5*t + 97. List the prime factors of t.
43
Let o(n) = n**3 - n**2 - n + 4. List the prime factors of o(0).
2
Let l = 1 - -1. Let x = -37 + 35. Let k = l - x. List the prime factors of k.
2
Let z(d) = -d**3 + d**2 - d + 1. Let l be z(0). Let q be 1*2 + (-2)/l. Let j = 12 + q. List the prime factors of j.
2, 3
Suppose 2*f + 24 - 2 = 0. Let j = 18 + f. List the prime factors of j.
7
Let g be ((0 - 0)/(-2))/2. Let p be (-1)/(2/(-34)) - 1. List the prime factors of 3/(6/p) - g.
2
Let l be -2 - -3 - (-4)/(-2). Let c be l/(-3)*42/7. Suppose -2*n + 60 = c*n. List the prime factors of n.
3, 5
Suppose 29 = 3*v - 43. List the prime factors of v.
2, 3
Suppose -2*t + 5 = -t. List the prime factors of ((-1 + 0)*t)/(-1).
5
Let q(m) = m**3 + 5*m**2 - 6*m + 3. Let p be q(-6). List the prime factors of p*2/(-9)*-12.
2
Let v(s) = s**2 - s - 4. Suppose -4*i + 12 = -4*w, -4*i - 3*w = -i + 3. Let o = i + 2. What are the prime factors of v(o)?
2
What are the prime factors of -4*(-3)/(-6) - -118?
2, 29
Suppose -s - 21 = 4*u, 2*s = s + 4*u + 3. Let a = 38 - 21. Let g = a + s. What are the prime factors of g?
2
Suppose 0 = -6*x + 3*x + 63. Let s = x - 13. List the prime factors of s.
2
Let r = 2 + 29. What are the prime factors of r?
31
Suppose 4*v = v + 24. Let i(y) = -y + 11*y**2 - y - v - 7*y - 12*y**2. List the prime factors of i(-6).
2, 5
Let l(f) = -9*f**2 + 5*f - 7. Let y(b) be the first derivative of 4*b**3/3 - 3*b**2/2 + 4*b + 1. Let x(u) = 3*l(u) + 7*y(u). List the prime factors of x(6).
7
Suppose 0 = 5*b - 5, 2*t = 5*b - 1 + 2. List the prime factors of t.
3
Let l = -128 + 83. List the prime factors of 36/10 - 18/l.
2
Let o(v) = -19*v - 9. What are the prime factors of o(-2)?
29
Let n be (2 - 0)/(2/9). Let f be (1 - n)*(-1)/2. Suppose f = x - 4. List the prime factors of x.
2
Suppose 2*b - 4*b - 12 = 0. Suppose -2*j = -3*q + 13, j = -3*j - 4*q + 4. Let s = j - b. What are the prime factors of s?
2
Let v(s) = s**3 - 2*s**2 - s + 2. Let x be v(2). Suppose -2*c + 50 = -x*c. Suppose -c = -4*d + 6*k - k, d - 2*k - 4 = 0. List the prime factors of d.
2, 5
Let h = 90 + -27. What are the prime factors of h?
3, 7
Suppose 9 = -3*t + 21. Suppose t*f - 33 - 3 = 0. What are the prime factors of f?
3
Suppose 0*o + 6 = 2*o. Suppose 5*k - 6 = -3*p + 4*k, -3*p + o*k + 6 = 0. Suppose 7 - p = w. List the prime factors of w.
5
Suppose 5*p + 17 = v, -3*v - 8*p + 4*p = 6. Suppose -v*u = 6 - 22. What are the prime factors of u?
2
Suppose 5*m + 0*l - 12 = -2*l, -2*m = -5*l + 1. Suppose -25 = -m*s - 3*k, 13 + 2 = -3*k. List the prime factors of s.
2, 5
Suppose -3*f + f = 0. Suppose f*h = -h + 9. List the prime factors of h.
3
Let n(d) be the third derivative of d**4/8 - d**2. Let w be n(2). Suppose 0 = w*a - a - 110. What are 